{"id":715,"date":"2021-01-29T09:42:58","date_gmt":"2021-01-29T08:42:58","guid":{"rendered":"http:\/\/ektgdynia.pl\/index.php\/mesmerize\/"},"modified":"2021-01-30T00:21:32","modified_gmt":"2021-01-29T23:21:32","slug":"mesmerize","status":"publish","type":"page","link":"http:\/\/ektgdynia.pl\/","title":{"rendered":"Strona g\u0142\u00f3wna"},"content":{"rendered":"<div  data-label=\"Overlappable\" data-id=\"overlappable--1\" data-export-id=\"overlappable-4\" data-category=\"overlappable\" class=\"overlappable-4 content-section content-section-spacing\" data-overlap=\"true\" id=\"overlappable-1\" style=\"background-color: rgb(255, 255, 255);\"><div  class=\"gridContainer\"> <div  data-type=\"row\" class=\"row spaced-cols text-center\"><div  class=\"col-xs-12 col-sm-4 col-padding\"> <a data-cp-link=\"1\" href=\"http:\/\/ektgdynia.pl\/index.php\/najblizsze-koncerty\" target=\"_self\" rel=\"noopener\"><i  class=\"fa icon shadow-large-black aligncenter color1 fa-calendar reverse round large\"><\/i><\/a> <div  data-type=\"column\" class=\"\"> <h5  class=\"\">Koncerty<\/h5> <p  class=\"\">Aktualne terminy koncer\u00f3w i wydarze\u0144<\/p><\/div> <\/div> <div  class=\"col-xs-12 col-sm-4 col-padding\"> <a data-cp-link=\"1\" href=\"#onas\" target=\"_self\" rel=\"noopener\"><i  class=\"fa icon shadow-large-black aligncenter color1 fa-music reverse round large\"><\/i><\/a> <div  data-type=\"column\" class=\"\"><h5  class=\"\">O Nas<\/h5> <p  class=\"\">Informacje na temat zaepo\u0142u i jego tw\u00f3rzczo\u015bc<\/p><\/div> <\/div> <div  class=\"col-xs-12 col-sm-4 col-padding\"> <a data-cp-link=\"1\" href=\"#\" target=\"_self\" rel=\"noopener\"><i  class=\"fa icon shadow-large-black aligncenter color1 fa-phone reverse round large\"><\/i><\/a> <div  data-type=\"column\" class=\"\"><h5  class=\"\">Kontakt<\/h5> <p  class=\"\">Aktualny i oficjalny kontakt<\/p><\/div> <\/div><\/div> <\/div><\/div><div  data-label=\"About\" data-id=\"about--1\" data-export-id=\"about-10\" data-category=\"about\" class=\"about-10 content-section content-section-spacing\" id=\"about-1\" style=\"background-color: rgb(255, 255, 255);\"><div  class=\"gridContainer\"> <div  class=\"row middle-sm text-center\"><div  class=\"col-sm-5 space-bottom-xs content-column\" data-type=\"column\"> <h5  class=\"\">witaj na<\/h5> <h2  class=\"\"><span  href=\"#\">oficjalnej stronie zespo\u0142u&nbsp;<\/span><span  style=\"font-family: Playfair Display,sans-serif; font-weight: 700; font-style: italic;\" href=\"#\">EKT Gdynia<\/span>&nbsp;<\/h2> <p  class=\"\">znajdziesz tu wszystie aktualne informacje na temat naszej tw\u00f3rczo\u015bci i koncert\u00f3w.&nbsp;<\/p> <\/div> <div  class=\"col-sm-7 flexbox middle-xs center-xs space-bottom-xs\"><div  class=\"overlay-box middle-xs center-xs flexbox\"> <div  class=\"overlay-box-offset offset-border shadow-medium border-color1 hide-xs\"><\/div> <img decoding=\"async\"  class=\"shadow-large\" data-size=\"485x705\" src=\"http:\/\/ektgdynia.pl\/wp-content\/uploads\/2016\/07\/cropped-13.jpg\" title=\"cropped-13.jpg\" alt=\"\"><\/div> <\/div><\/div> <\/div><\/div><div  data-label=\"onas\" data-id=\"team--1\" data-export-id=\"team-2\" data-category=\"team\" class=\"team-2 content-section content-section-spacing\" id=\"onas\" style=\"background-color: rgb(255, 255, 255);\"><div  class=\"gridContainer\"> <div  class=\"row text-center\"><div  class=\"section-title-col\" data-type=\"column\"> <h2  class=\"\">Aktualny sk\u0142ad zespolu EKT Gdynia<\/h2> <p  class=\"\">chcesz nas bli\u017cej pozna\u0107<\/p><a class=\"button blue\" href=\"http:\/\/ektgdynia.pl\/o-nas\" target=\"_self\" data-cp-link=\"1\" rel=\"noopener\">czytaj wi\u0119cej<\/a><\/div> <\/div> <div  class=\"row spaced-cols content-center-sm center-sm\" data-type=\"row\"> <div  class=\"col-sm-6 col-md-3\"> <div  class=\"card y-move no-padding bordered\"> <img decoding=\"async\"  class=\"face\" src=\"http:\/\/ektgdynia.pl\/wp-content\/uploads\/2016\/07\/cropped-33.jpg\" title=\"cropped-33.jpg\" alt=\"\"> <div  data-type=\"column\" class=\"col-padding-small col-padding-small-xs description-container\"> <h4  class=\"font-500\">Jan Wydra<\/h4> <p  class=\"small\" style=\"font-style: italic;\">gitara, \u015bpiew lider zespo\u0142u<\/p> <div  class=\"social-icons-group\" data-type=\"group\"> <a href=\"#\" target=\"_self\" data-reiki-hidden=\"true\" rel=\"noopener\"><i  class=\"gray fa icon fa-facebook-square\"><\/i><\/a> <a href=\"#\" target=\"_self\" data-reiki-hidden=\"true\" rel=\"noopener\"><i  class=\"gray fa icon fa-twitter-square\"><\/i><\/a> <a href=\"#\" target=\"_self\" data-reiki-hidden=\"true\" rel=\"noopener\"><i  class=\"gray fa icon fa-linkedin-square\"><\/i><\/a> <a href=\"#\" target=\"_self\" data-reiki-hidden=\"true\" rel=\"noopener\"><i  class=\"gray fa icon fa-google-plus-square\"><\/i><\/a><\/div> <\/div><\/div> <\/div> <div  class=\"col-sm-6 col-md-3\"> <div  class=\"card y-move no-padding bordered\"> <img decoding=\"async\"  class=\"face\" src=\"http:\/\/ektgdynia.pl\/wp-content\/uploads\/2016\/07\/cropped-3.jpg\" title=\"cropped-3.jpg\" alt=\"\"> <div  data-type=\"column\" class=\"col-padding-small col-padding-small-xs description-container\"> <h4  class=\"font-500\">Jacek Fimiak<\/h4> <p  class=\"small\" style=\"font-style: italic;\">instr. perkusyjne, \u015bpiew<\/p> <div  class=\"social-icons-group\" data-type=\"group\"> <a href=\"#\" target=\"_self\" data-reiki-hidden=\"true\" rel=\"noopener\"><i  class=\"gray fa icon fa-facebook-square\"><\/i><\/a> <a href=\"#\" target=\"_self\" data-reiki-hidden=\"true\" rel=\"noopener\"><i  class=\"gray fa icon fa-twitter-square\"><\/i><\/a> <a href=\"#\" target=\"_self\" data-reiki-hidden=\"true\" rel=\"noopener\"><i  class=\"gray fa icon fa-linkedin-square\"><\/i><\/a> <a href=\"#\" target=\"_self\" data-reiki-hidden=\"true\" rel=\"noopener\"><i  class=\"gray fa icon fa-google-plus-square\"><\/i><\/a><\/div> <\/div><\/div> <\/div> <div  class=\"col-sm-6 col-md-3\"> <div  class=\"card y-move no-padding bordered\"> <img decoding=\"async\"  class=\"face\" src=\"http:\/\/ektgdynia.pl\/wp-content\/uploads\/2016\/07\/cropped-21.jpg\" title=\"cropped-21.jpg\" alt=\"\"> <div  data-type=\"column\" class=\"col-padding-small col-padding-small-xs description-container\"> <h4  class=\"font-500\">Krzysztof Kowalewski<\/h4> <p  class=\"small\" style=\"font-style: italic;\">gitara elektryczna<\/p> <div  class=\"social-icons-group\" data-type=\"group\"> <a href=\"#\" target=\"_self\" data-reiki-hidden=\"true\" rel=\"noopener\"><i  class=\"gray fa icon fa-facebook-square\"><\/i><\/a> <a href=\"#\" target=\"_self\" data-reiki-hidden=\"true\" rel=\"noopener\"><i  class=\"gray fa icon fa-twitter-square\"><\/i><\/a> <a href=\"#\" target=\"_self\" data-reiki-hidden=\"true\" rel=\"noopener\"><i  class=\"gray fa icon fa-linkedin-square\"><\/i><\/a> <a href=\"#\" target=\"_self\" data-reiki-hidden=\"true\" rel=\"noopener\"><i  class=\"gray fa icon fa-google-plus-square\"><\/i><\/a><\/div> <\/div><\/div> <\/div> <div  class=\"col-sm-6 col-md-3\"> <div  class=\"card y-move no-padding bordered\"> <img decoding=\"async\"  class=\"face\" src=\"http:\/\/ektgdynia.pl\/wp-content\/uploads\/2016\/07\/cropped-imggcsi52A68BE10F0EF5594AED85EF917C9C2372CF926Dmpid7maxwidth1855maxheight1091.jpg\" title=\"cropped-imggcsi52A68BE10F0EF5594AED85EF917C9C2372CF926Dmpid7maxwidth1855maxheight1091.jpg\" alt=\"\"> <div  data-type=\"column\" class=\"col-padding-small col-padding-small-xs description-container\"> <h4  class=\"font-500\"> Kamil Szewczyk<\/h4> <p  class=\"small\" style=\"font-style: italic;\">gitara elektryczna<\/p> <div  class=\"social-icons-group\" data-type=\"group\"> <a href=\"#\" target=\"_self\" data-reiki-hidden=\"true\" rel=\"noopener\"><i  class=\"gray fa icon fa-facebook-square\"><\/i><\/a> <a href=\"#\" target=\"_self\" data-reiki-hidden=\"true\" rel=\"noopener\"><i  class=\"gray fa icon fa-twitter-square\"><\/i><\/a> <a href=\"#\" target=\"_self\" data-reiki-hidden=\"true\" rel=\"noopener\"><i  class=\"gray fa icon fa-linkedin-square\"><\/i><\/a> <a href=\"#\" target=\"_self\" data-reiki-hidden=\"true\" rel=\"noopener\"><i  class=\"gray fa icon fa-google-plus-square\"><\/i><\/a><\/div> <\/div><\/div> <\/div>    <div  class=\"col-sm-6 col-md-3\"> <div  class=\"card y-move no-padding bordered\"> <img decoding=\"async\"  class=\"face\" src=\"http:\/\/ektgdynia.pl\/wp-content\/uploads\/2016\/07\/cropped-DSCF5267.jpg\" title=\"cropped-DSCF5267.jpg\" alt=\"\"> <div  data-type=\"column\" class=\"col-padding-small col-padding-small-xs description-container\"> <h4  class=\"font-500\">Marcin Ritter \u201eRitus\u201d<\/h4> <p  class=\"small\" style=\"font-style: italic;\">gitara basowa<\/p> <div  class=\"social-icons-group\" data-type=\"group\"> <a href=\"#\" target=\"_self\" data-reiki-hidden=\"true\" rel=\"noopener\"><i  class=\"gray fa icon fa-facebook-square\"><\/i><\/a> <a href=\"#\" target=\"_self\" data-reiki-hidden=\"true\" rel=\"noopener\"><i  class=\"gray fa icon fa-twitter-square\"><\/i><\/a> <a href=\"#\" target=\"_self\" data-reiki-hidden=\"true\" rel=\"noopener\"><i  class=\"gray fa icon fa-linkedin-square\"><\/i><\/a> <a href=\"#\" target=\"_self\" data-reiki-hidden=\"true\" rel=\"noopener\"><i  class=\"gray fa icon fa-google-plus-square\"><\/i><\/a><\/div> <\/div><\/div> <\/div><div  class=\"col-sm-6 col-md-3\"> <div  class=\"card y-move no-padding bordered\"> <img decoding=\"async\"  class=\"face\" src=\"http:\/\/ektgdynia.pl\/wp-content\/uploads\/2016\/07\/cropped-remik.jpg\" title=\"cropped-remik.jpg\" alt=\"\"> <div  data-type=\"column\" class=\"col-padding-small col-padding-small-xs description-container\"> <h4  class=\"font-500\">Marek Remik Remiszewski<\/h4> <p  class=\"small\" style=\"font-style: italic;\">manager<\/p> <div  class=\"social-icons-group\" data-type=\"group\"> <a href=\"#\" target=\"_self\" data-reiki-hidden=\"true\" rel=\"noopener\"><i  class=\"gray fa icon fa-facebook-square\"><\/i><\/a> <a href=\"#\" target=\"_self\" data-reiki-hidden=\"true\" rel=\"noopener\"><i  class=\"gray fa icon fa-twitter-square\"><\/i><\/a> <a href=\"#\" target=\"_self\" data-reiki-hidden=\"true\" rel=\"noopener\"><i  class=\"gray fa icon fa-linkedin-square\"><\/i><\/a> <a href=\"#\" target=\"_self\" data-reiki-hidden=\"true\" rel=\"noopener\"><i  class=\"gray fa icon fa-google-plus-square\"><\/i><\/a><\/div> <\/div><\/div> <\/div><\/div> <\/div><\/div><div  data-label=\"Features\" data-id=\"features--1\" data-export-id=\"features-16\" data-category=\"features\" class=\"features-16 content-section content-section-spacing\" id=\"features-1\" style=\"background-color: rgb(255, 255, 255);\"><div  class=\"gridContainer\"> <div  class=\"row text-center\"><div  class=\"section-title-col\" data-type=\"column\"> <h2  class=\"\">Dyskografia<\/h2> <\/div> <\/div> <div  class=\"row spaced-cols center-sm content-left-sm\" data-type=\"row\"> <div  class=\"col-xs-12 col-sm-6 col-md-4 space-bottom\"> <img decoding=\"async\"  class=\"face\" src=\"http:\/\/ektgdynia.pl\/wp-content\/uploads\/2016\/07\/cropped-JaStawiamBig.jpg\" title=\"cropped-JaStawiamBig.jpg\" alt=\"\"> <div  data-type=\"column\" class=\"col-padding-small col-padding-small-xs description-container\"> <h4  class=\"font-500\">Ja stawiam<\/h4>  <p  class=\"\">1990; Wydawca Fundacja Hals<\/p><a class=\"link\" href=\"http:\/\/ektgdynia.pl\/dyskografia\" target=\"_self\" data-cp-link=\"1\" rel=\"noopener\">wi\u0119cej<\/a><\/div> <\/div> <div  class=\"col-xs-12 col-sm-6 col-md-4 space-bottom\"> <img decoding=\"async\"  class=\"face\" src=\"http:\/\/ektgdynia.pl\/wp-content\/uploads\/2021\/01\/cropped-oczywiscie.jpg\" title=\"cropped-oczywiscie.jpg\" alt=\"\"> <div  data-type=\"column\" class=\"col-padding-small col-padding-small-xs description-container\"> <h4  class=\"font-500\">Oczywi\u015bcie&nbsp;<\/h4> <p  class=\"\">Oczywi\u015bcie \u2013 1994; Wydawca Fundacja HalsOczywi\u015bcie \u2013 1994; Wydawca Fundacja Hals<\/p> <a class=\"read-more\" href=\"http:\/\/ektgdynia.pl\/dyskografia\" target=\"_self\" data-cp-link=\"1\" rel=\"noopener\">wi\u0119cej<\/a><\/div> <\/div> <div  class=\"col-xs-12 col-sm-6 col-md-4 space-bottom\"> <img decoding=\"async\"  class=\"face\" src=\"http:\/\/ektgdynia.pl\/wp-content\/uploads\/2016\/07\/cropped-WreszciePlyneBig.jpg\" title=\"cropped-WreszciePlyneBig.jpg\" alt=\"\"> <div  data-type=\"column\" class=\"col-padding-small col-padding-small-xs description-container\"> <h4  class=\"font-500\">Wreszcie p\u0142yn\u0119<\/h4> <p  class=\"\">1998 ; Wydawca Agencja Remik , Dalmafon1998 ; Wydawca Agencja Remik , Dalmafon<\/p> <a class=\"read-more\" href=\"http:\/\/ektgdynia.pl\/dyskografia\" target=\"_self\" data-cp-link=\"1\" rel=\"noopener\">wi\u0119cej<\/a><\/div> <\/div><div  class=\"col-xs-12 col-sm-6 col-md-4 space-bottom\"> <img decoding=\"async\"  class=\"face\" src=\"http:\/\/ektgdynia.pl\/wp-content\/uploads\/2021\/01\/cropped-pojde-przez-morze-b-iext36491678.jpg\" title=\"cropped-pojde-przez-morze-b-iext36491678.jpg\" alt=\"\"> <div  data-type=\"column\" class=\"col-padding-small col-padding-small-xs description-container\"> <h4  class=\"font-500\">P\u00f3jd\u0119 przez morze&nbsp;<\/h4> <p  class=\"\">1999; Wydawca \u2013 Synton<\/p> <a class=\"read-more\" href=\"http:\/\/ektgdynia.pl\/dyskografia\" target=\"_self\" data-cp-link=\"1\" rel=\"noopener\">wi\u0119cej<\/a><\/div> <\/div><div  class=\"col-xs-12 col-sm-6 col-md-4 space-bottom\"> <img decoding=\"async\"  class=\"face\" src=\"http:\/\/ektgdynia.pl\/wp-content\/uploads\/2016\/07\/cropped-KoncertZOkazjiXXBig.jpg\" title=\"cropped-KoncertZOkazjiXXBig.jpg\" alt=\"\"> <div  data-type=\"column\" class=\"col-padding-small col-padding-small-xs description-container\"> <h4  class=\"font-500\">Koncert z okazji XX-lecia zespo\u0142u \u2013 live<\/h4> <p  class=\"\">Wydawaca \u2013 Fundacja Gniazdo Pirat\u00f3w<\/p> <a class=\"read-more\" href=\"http:\/\/ektgdynia.pl\/dyskografia\" target=\"_self\" data-cp-link=\"1\" rel=\"noopener\">wi\u0119cej<\/a><\/div> <\/div><\/div> <\/div><\/div><div  data-label=\"news\" data-id=\"latest_news--1\" data-export-id=\"blog-section\" data-category=\"latest_news\" class=\"blog-section blog-section-standard content-section content-section-spacing\" id=\"news\" style=\"background-color: rgb(255, 255, 255);\"><div  class=\"gridContainer\"> <div  class=\"row\"><div  data-type=\"column\" class=\"section-title-col\"> <h2  class=\"\">Skr\u00f3t aktualno\u015bci<\/h2> <\/div> <\/div> <div  class=\"row\"> <div  data-type=\"row\" data-dynamic-columns=\"handled\" data-content-shortcode=\"mesmerize_latest_news\">        <div class=\"row center-sm content-left-sm\">\n                    <div id=\"post-912\" class=\"col-sm-6 col-md-4 space-bottom space-bottom-xs\">\n                <div class=\"post-content card y-move bordered\">\n                        <div class=\"post-thumbnail\">\n        <a href=\"http:\/\/ektgdynia.pl\/index.php\/2021\/01\/31\/35-lecie-ekt-gdynia\/\" class=\"post-list-item-thumb \">\n\t\t\t<img width=\"311\" height=\"325\" src=\"http:\/\/ektgdynia.pl\/wp-content\/uploads\/2021\/01\/cropped-cropped-unnamed.png\" class=\"attachment-post-thumbnail size-post-thumbnail wp-post-image\" alt=\"\" decoding=\"async\" loading=\"lazy\" srcset=\"http:\/\/ektgdynia.pl\/wp-content\/uploads\/2021\/01\/cropped-cropped-unnamed.png 311w, http:\/\/ektgdynia.pl\/wp-content\/uploads\/2021\/01\/cropped-cropped-unnamed-287x300.png 287w\" sizes=\"(max-width: 311px) 100vw, 311px\" \/>        <\/a>\n    <\/div>\n\t                    <div class=\"col-padding col-padding-xs\">\n                        <h3 class=\"post-title space-bottom-small\">\n                            <a href=\"http:\/\/ektgdynia.pl\/index.php\/2021\/01\/31\/35-lecie-ekt-gdynia\/\" rel=\"bookmark\">\n                                Jak ten czas leci\u2026. 35 lecie EKT Gdynia                            <\/a>\n                        <\/h3>\n                        <p>35 lat temu powsta\u0142 zesp\u00f3\u0142 EKT-Gdynia. Dok\u0142adnie rzecz bior\u0105c kwiecie\u0144 jest tym miesi\u0105cem , od kt\u00f3rego t\u0119 rocznic\u0119 powinni\u015bmy \u015bwi\u0119towa\u0107 . 35 lat koncertowania bez przerwy. Nigdy, nawet na chwil\u0119[&hellip;]<\/p>\n                        <a class=\"read-more link\" href=\"http:\/\/ektgdynia.pl\/index.php\/2021\/01\/31\/35-lecie-ekt-gdynia\/\">\n                            Read more                        <\/a>\n                    <\/div>\n                <\/div>\n            <\/div>\n            <\/div>\n    <\/div><\/div> <div  class=\"row\"><div  class=\"text-center\"> <a  class=\"button color1\" data-attr-shortcode=\"href:mesmerize_blog_link\" href=\"http:\/\/ektgdynia.pl\/index.php\/aktualnosci\/\">Zobacz wszystkie<\/a><\/div> <\/div><\/div><\/div><div  data-label=\"kontakt\" data-id=\"contact--1\" data-export-id=\"contact-1\" data-category=\"contact\" class=\"contact-1 content-section content-section-spacing white-text\" data-parallax-depth=\"20\" id=\"kontakt\" style=\"background-color: rgb(245, 250, 253); background-image: url(&quot;http:\/\/ektgdynia.pl\/wp-content\/uploads\/2016\/07\/32.jpg&quot;); background-size: cover; background-position: center top;\"><div  class=\"gridContainer\"> <div  class=\"row text-center\"><div  class=\"section-title-col\" data-type=\"column\"> <h2  class=\"\">Kontakt<\/h2> <p  class=\"lead\">Marek \u201eRemik\u201d Remiszewski<br >tel: +48 601 314 075\n<br >emial:&nbsp;remikekt@interia.pl<\/p><\/div> <\/div> <div  class=\"row text-center\"> <div  class=\"col-xs-12 col-sm-8 col-sm-offset-2 contact-form-wrapper inline-info\"> <div  class=\"card large-padding\"> <div  class=\"\" data-content-shortcode=\"mesmerize_contact_form shortcode=&quot;wpforms id=&amp;amp;quot;749&amp;amp;quot;&quot;\" data-editable=\"true\"><div class=\"wpforms-container wpforms-container-full\" id=\"wpforms-749\"><form id=\"wpforms-form-749\" class=\"wpforms-validate wpforms-form\" data-formid=\"749\" method=\"post\" enctype=\"multipart\/form-data\" action=\"\/index.php\/wp-json\/wp\/v2\/pages\/715\" data-token=\"3937fe4c7e05258fe3ddfcbce8bea925\"><noscript class=\"wpforms-error-noscript\">Please enable JavaScript in your browser to complete this form.<\/noscript><div class=\"wpforms-field-container\"><div id=\"wpforms-749-field_0-container\" class=\"wpforms-field wpforms-field-name\" data-field-id=\"0\"><label class=\"wpforms-field-label\" for=\"wpforms-749-field_0\">Imi\u0119 i nazwisko <span class=\"wpforms-required-label\">*<\/span><\/label><div class=\"wpforms-field-row wpforms-field-large\"><div class=\"wpforms-field-row-block wpforms-first wpforms-one-half\"><input type=\"text\" id=\"wpforms-749-field_0\" class=\"wpforms-field-name-first wpforms-field-required\" name=\"wpforms[fields][0][first]\" required><label for=\"wpforms-749-field_0\" class=\"wpforms-field-sublabel after wpforms-sublabel-hide\">First<\/label><\/div><div class=\"wpforms-field-row-block wpforms-one-half\"><input type=\"text\" id=\"wpforms-749-field_0-last\" class=\"wpforms-field-name-last wpforms-field-required\" name=\"wpforms[fields][0][last]\" required><label for=\"wpforms-749-field_0-last\" class=\"wpforms-field-sublabel after wpforms-sublabel-hide\">Last<\/label><\/div><\/div><\/div><div id=\"wpforms-749-field_3-container\" class=\"wpforms-field wpforms-field-number\" data-field-id=\"3\"><label class=\"wpforms-field-label\" for=\"wpforms-749-field_3\">Numer telefonu<\/label><input type=\"number\" pattern=\"\\d*\" id=\"wpforms-749-field_3\" class=\"wpforms-field-medium\" name=\"wpforms[fields][3]\" ><\/div><div id=\"wpforms-749-field_1-container\" class=\"wpforms-field wpforms-field-email\" data-field-id=\"1\"><label class=\"wpforms-field-label\" for=\"wpforms-749-field_1\">Email <span class=\"wpforms-required-label\">*<\/span><\/label><input type=\"email\" id=\"wpforms-749-field_1\" class=\"wpforms-field-large wpforms-field-required\" name=\"wpforms[fields][1]\" required><\/div><div id=\"wpforms-749-field_2-container\" class=\"wpforms-field wpforms-field-textarea\" data-field-id=\"2\"><label class=\"wpforms-field-label\" for=\"wpforms-749-field_2\">Wiadomo\u015b\u0107 <span class=\"wpforms-required-label\">*<\/span><\/label><textarea id=\"wpforms-749-field_2\" class=\"wpforms-field-large wpforms-field-required\" name=\"wpforms[fields][2]\" required><\/textarea><\/div><\/div><div class=\"wpforms-field wpforms-field-hp\"><label for=\"wpforms-749-field-hp\" class=\"wpforms-field-label\">Email<\/label><input type=\"text\" name=\"wpforms[hp]\" id=\"wpforms-749-field-hp\" class=\"wpforms-field-medium\"><\/div><div class=\"wpforms-submit-container\" ><input type=\"hidden\" name=\"wpforms[id]\" value=\"749\"><input type=\"hidden\" name=\"wpforms[author]\" value=\"1\"><button type=\"submit\" name=\"wpforms[submit]\" class=\"wpforms-submit button color1\" id=\"wpforms-submit-749\" value=\"wpforms-submit\" aria-live=\"assertive\" data-alt-text=\"wysy\u0142a...\" data-submit-text=\"wy\u015blij\">wy\u015blij<\/button><\/div><\/form><\/div>  <!-- .wpforms-container --><\/div><\/div> <\/div><\/div> <\/div><\/div>","protected":false},"excerpt":{"rendered":"<p>Koncerty Aktualne terminy koncer\u00f3w i wydarze\u0144 O Nas Informacje na temat zaepo\u0142u i jego tw\u00f3rzczo\u015bc Kontakt Aktualny i oficjalny kontakt witaj na oficjalnej stronie zespo\u0142u&nbsp;EKT Gdynia&nbsp; znajdziesz tu wszystie aktualne informacje na temat naszej tw\u00f3rczo\u015bci i koncert\u00f3w.&nbsp; Aktualny sk\u0142ad zespolu EKT Gdynia chcesz nas bli\u017cej pozna\u0107czytaj wi\u0119cej Jan Wydra gitara, \u015bpiew lider zespo\u0142u Jacek Fimiak&hellip; <br \/> <a class=\"read-more\" href=\"http:\/\/ektgdynia.pl\/index.php\/2021\/01\/31\/35-lecie-ekt-gdynia\/\">Przeczytaj wi\u0119cej<\/a><\/p>\n","protected":false},"author":1,"featured_media":0,"parent":0,"menu_order":0,"comment_status":"closed","ping_status":"closed","template":"page-templates\/homepage.php","meta":[],"_links":{"self":[{"href":"http:\/\/ektgdynia.pl\/index.php\/wp-json\/wp\/v2\/pages\/715"}],"collection":[{"href":"http:\/\/ektgdynia.pl\/index.php\/wp-json\/wp\/v2\/pages"}],"about":[{"href":"http:\/\/ektgdynia.pl\/index.php\/wp-json\/wp\/v2\/types\/page"}],"author":[{"embeddable":true,"href":"http:\/\/ektgdynia.pl\/index.php\/wp-json\/wp\/v2\/users\/1"}],"replies":[{"embeddable":true,"href":"http:\/\/ektgdynia.pl\/index.php\/wp-json\/wp\/v2\/comments?post=715"}],"version-history":[{"count":4,"href":"http:\/\/ektgdynia.pl\/index.php\/wp-json\/wp\/v2\/pages\/715\/revisions"}],"predecessor-version":[{"id":904,"href":"http:\/\/ektgdynia.pl\/index.php\/wp-json\/wp\/v2\/pages\/715\/revisions\/904"}],"wp:attachment":[{"href":"http:\/\/ektgdynia.pl\/index.php\/wp-json\/wp\/v2\/media?parent=715"}],"curies":[{"name":"wp","href":"https:\/\/api.w.org\/{rel}","templated":true}]}}